 prime factors of 627961.
627961
List the prime factors of 26873560.
2, 5, 7, 13711
What are the prime factors of 1099323?
3, 122147
What are the prime factors of 621272?
2, 77659
What are the prime factors of 22963454?
2, 269, 42683
List the prime factors of 106674.
2, 3, 23, 773
List the prime factors of 259671.
3, 101, 857
List the prime factors of 2271488.
2, 19, 467
List the prime factors of 252214.
2, 126107
What are the prime factors of 4791096?
2, 3, 41, 541
List the prime factors of 11588447.
13, 479, 1861
List the prime factors of 22085268.
2, 3, 31, 59369
List the prime factors of 250700.
2, 5, 23, 109
List the prime factors of 2130388.
2, 13, 53, 773
What are the prime factors of 2543911?
167, 15233
List the prime factors of 1009089.
3, 112121
List the prime factors of 9437736.
2, 3, 7, 11, 5107
What are the prime factors of 108338?
2, 19, 2851
List the prime factors of 239469.
3, 79823
List the prime factors of 15372688.
2, 960793
What are the prime factors of 2924680?
2, 5, 11, 17, 23
List the prime factors of 1410.
2, 3, 5, 47
What are the prime factors of 938957?
967, 971
What are the prime factors of 184512?
2, 3, 31
What are the prime factors of 4484054?
2, 2242027
What are the prime factors of 127611?
3, 11, 1289
List the prime factors of 15196288.
2, 227, 523
List the prime factors of 469680.
2, 3, 5, 19, 103
What are the prime factors of 1629747?
3, 7, 8623
List the prime factors of 1341697.
7, 191671
What are the prime factors of 2873676?
2, 3, 13, 109
What are the prime factors of 113146?
2, 11, 37, 139
What are the prime factors of 2311473?
3, 17, 61, 743
List the prime factors of 4402776.
2, 3, 7, 73, 359
What are the prime factors of 1733580?
2, 3, 5, 9631
What are the prime factors of 11065126?
2, 5532563
What are the prime factors of 397809?
3, 44201
What are the prime factors of 1405730?
2, 5, 17, 8269
What are the prime factors of 181592?
2, 22699
List the prime factors of 1946307.
3, 11, 58979
What are the prime factors of 272792?
2, 13, 43, 61
List the prime factors of 2043195.
3, 5, 7, 11, 29, 61
List the prime factors of 881355.
3, 5, 58757
List the prime factors of 5241406.
2, 17, 154159
What are the prime factors of 309463?
7, 11, 4019
What are the prime factors of 470253?
3, 7, 457
List the prime factors of 280795.
5, 89, 631
List the prime factors of 1273699.
7, 181957
What are the prime factors of 844279?
844279
List the prime factors of 11323523.
443, 25561
List the prime factors of 3212328.
2, 3, 7, 19121
List the prime factors of 1231396.
2, 211, 1459
What are the prime factors of 13545088?
2, 29, 41, 89
What are the prime factors of 4926928?
2, 19, 853
List the prime factors of 1063236.
2, 3, 251, 353
What are the prime factors of 1886283?
3, 7, 79, 379
What are the prime factors of 562364?
2, 11, 12781
What are the prime factors of 20092697?
67, 299891
List the prime factors of 39854140.
2, 5, 727, 2741
List the prime factors of 11895513.
3, 7, 566453
What are the prime factors of 16740340?
2, 5, 837017
What are the prime factors of 4015952?
2, 499, 503
List the prime factors of 1999348.
2, 13, 38449
List the prime factors of 585255.
3, 5, 11, 3547
What are the prime factors of 487297?
419, 1163
List the prime factors of 8744493.
3, 2914831
What are the prime factors of 1393243?
43, 32401
What are the prime factors of 90035?
5, 11, 1637
List the prime factors of 381572.
2, 95393
List the prime factors of 285024.
2, 3, 2969
List the prime factors of 13460337.
3, 11, 15107
What are the prime factors of 218756?
2, 17, 3217
What are the prime factors of 1199695?
5, 7, 151, 227
List the prime factors of 422824.
2, 17, 3109
What are the prime factors of 359004?
2, 3, 29917
What are the prime factors of 14826727?
491, 30197
List the prime factors of 3960305.
5, 792061
What are the prime factors of 1627683?
3, 29, 53, 353
List the prime factors of 471047.
29, 37, 439
What are the prime factors of 10072811?
7, 1438973
What are the prime factors of 93603?
3, 41, 761
List the prime factors of 3952423.
3952423
What are the prime factors of 491923?
491923
List the prime factors of 1345712.
2, 151, 557
What are the prime factors of 1645087?
1645087
List the prime factors of 9632884.
2, 947, 2543
What are the prime factors of 269823?
3, 53, 1697
List the prime factors of 20948597.
163, 128519
List the prime factors of 1205827.
7, 17, 10133
List the prime factors of 11083648.
2, 131, 661
What are the prime factors of 1517976?
2, 3, 29, 727
List the prime factors of 377659.
37, 59, 173
List the prime factors of 12356.
2, 3089
List the prime factors of 5358160.
2, 5, 66977
What are the prime factors of 459044?
2, 114761
List the prime factors of 15984512.
2, 47, 2657
What are the prime factors of 117552?
2, 3, 31, 79
What are the prime factors of 10404273?
3, 11, 315281
List the prime factors of 8205991.
43, 190837
What are the prime factors of 2582466?
2, 3, 430411
What are the prime factors of 3515479?
11, 319589
List the prime factors of 2862733.
2862733
List the prime factors of 720078.
2, 3, 43, 2791
List the prime factors of 10422580.
2, 5, 7, 109, 683
List the prime factors of 7941037.
13, 610849
List the prime factors of 8948934.
2, 3, 165721
What are the prime factors of 4270413?
3, 7, 203353
What are the prime factors of 76132?
2, 7, 2719
What are the prime factors of 3524935?
5, 587, 1201
List the prime factors of 1523805.
3, 5, 29, 31, 113
What are the prime factors of 2235718?
2, 103, 10853
What are the prime factors of 2435246?
2, 11, 29, 347
What are the prime factors of 3730146?
2, 3, 7, 88813
What are the prime factors of 424377?
3, 61, 773
List the prime factors of 528633.
3, 7, 2797
List the prime factors of 1179327.
3, 393109
List the prime factors of 638673.
3, 7, 17, 1789
List the prime factors of 90434.
2, 103, 439
What are the prime factors of 22480?
2, 5, 281
What are the prime factors of 8426831?
7, 127, 9479
What are the prime factors of 419433?
3, 7, 19973
List the prime factors of 4009785.
3, 5, 13, 20563
List the prime factors of 104761.
104761
What are the prime factors of 2877073?
971, 2963
What are the prime factors of 35705342?
2, 41, 647, 673
List the prime factors of 484306.
2, 103, 2351
What are the prime factors of 757020?
2, 3, 5, 11, 31, 37
List the prime factors of 45394.
2, 22697
What are the prime factors of 198062?
2, 167, 593
What are the prime factors of 3469787?
97, 35771
List the prime factors of 6293941.
1531, 4111
List the prime factors of 472562.
2, 277, 853
What are the prime factors of 137101?
71, 1931
What are the prime factors of 7241014?
2, 11, 17, 19, 1019
List the prime factors of 2722491.
3, 19, 29, 61
What are the prime factors of 10967164?
2, 13, 210907
What are the prime factors of 9059719?
31, 292249
What are the prime factors of 9343156?
2, 2335789
What are the prime factors of 1569615?
3, 5, 269, 389
What are the prime factors of 69961?
43, 1627
What are the prime factors of 4374726?
2, 3, 53, 13757
List the prime factors of 204152.
2, 13, 151
What are the prime factors of 464474?
2, 17, 19, 719
What are the prime factors of 33385291?
33385291
List the prime factors of 1114344.
2, 3, 7, 11, 67
List the prime factors of 168995.
5, 73, 463
List the prime factors of 2562993.
3, 284777
What are the prime factors of 363184?
2, 22699
List the prime factors of 320957.
7, 13, 3527
List the prime factors of 13316782.
2, 1009, 6599
List the prime factors of 397048.
2, 31, 1601
What are the prime factors of 71418?
2, 3, 11903
List the prime factors of 1468337.
13, 179, 631
What are the prime factors of 5699032?
2, 23, 47, 659
What are the prime factors of 1397336?
2, 19, 29, 317
List the prime factors of 8479406.
2, 13, 25087
List the prime factors of 660241.
660241
What are the prime factors of 7631750?
2, 5, 7, 89
What are the prime factors of 1406884?
2, 547, 643
List the prime factors of 321566.
2, 7, 103, 223
What are the prime factors of 413483?
7, 59069
List the prime factors of 333947.
107, 3121
List the prime factors of 485169.
3, 43, 3761
What are the prime factors of 4267580?
2, 5, 37, 73, 79
List the prime factors of 347106.
2, 3, 17, 41, 83
List the prime factors of 12842208.
2, 3, 17, 43, 61
List the prime factors of 1937628.
2, 3, 7, 11, 233
Wha